{"id":1038,"date":"2023-10-03T10:49:34","date_gmt":"2023-10-03T10:49:34","guid":{"rendered":"https:\/\/aj-print-cut.si\/slo\/?page_id=1038"},"modified":"2023-10-03T10:51:46","modified_gmt":"2023-10-03T10:51:46","slug":"bloki","status":"publish","type":"page","link":"https:\/\/aj-print-cut.si\/index.php\/bloki\/","title":{"rendered":"Bloki"},"content":{"rendered":"\t\t<div data-elementor-type=\"wp-page\" data-elementor-id=\"1038\" class=\"elementor elementor-1038\">\n\t\t\t\t<div class=\"elementor-element elementor-element-33b18c1 e-flex e-con-boxed e-con e-parent\" data-id=\"33b18c1\" data-element_type=\"container\" data-e-type=\"container\">\n\t\t\t\t\t<div class=\"e-con-inner\">\n\t\t\t\t<div class=\"elementor-element elementor-element-03811c7 elementor-widget elementor-widget-text-editor\" data-id=\"03811c7\" data-element_type=\"widget\" data-e-type=\"widget\" data-widget_type=\"text-editor.default\">\n\t\t\t\t<div class=\"elementor-widget-container\">\n\t\t\t\t\t\t\t\t\t<p style=\"text-align: center;\"><strong><span style=\"color: #003366;\">Reklamni pisalni blok z logotipom je eden od klasi\u010dnih na\u010dinov za promocijo podjetja.<\/span><\/strong><\/p><p style=\"text-align: center;\"><strong><span style=\"color: #003366;\">Za tisk na pisalne bloke ne potrebujete lastnega materiala, saj za vse poskrbimo mi. Na voljo imamo razli\u010dne dimenzije pisalnih blokov; od najmanj\u0161ih blokcev do blokov v formatu A4. Vsi pisalni bloki so lepljeni v glavi, na hrbtni strani pa so podlo\u017eeni s kartonom. Lahko so tudi spiralno vezani. Potiskani so lahko eno- ali dvostransko, \u010drno-belo ali barvno. Na voljo so bloki z razli\u010dno koli\u010dino listov: 25, 40, 50 ali 100.<\/span><\/strong><\/p>\t\t\t\t\t\t\t\t<\/div>\n\t\t\t\t<\/div>\n\t\t\t\t\t<\/div>\n\t\t\t\t<\/div>\n\t\t<div class=\"elementor-element elementor-element-7557a9a e-grid e-con-boxed e-con e-parent\" data-id=\"7557a9a\" data-element_type=\"container\" data-e-type=\"container\">\n\t\t\t\t\t<div class=\"e-con-inner\">\n\t\t\t\t<div class=\"elementor-element elementor-element-6f17ffa elementor-widget elementor-widget-image\" data-id=\"6f17ffa\" data-element_type=\"widget\" data-e-type=\"widget\" data-widget_type=\"image.default\">\n\t\t\t\t<div class=\"elementor-widget-container\">\n\t\t\t\t\t\t\t\t\t\t\t\t\t\t\t<img fetchpriority=\"high\" decoding=\"async\" width=\"1024\" height=\"768\" src=\"https:\/\/aj-print-cut.si\/wp-content\/uploads\/2023\/10\/20230525_210521-1024x768.jpg\" class=\"attachment-large size-large wp-image-650\" alt=\"\" srcset=\"https:\/\/aj-print-cut.si\/wp-content\/uploads\/2023\/10\/20230525_210521-1024x768.jpg 1024w, https:\/\/aj-print-cut.si\/wp-content\/uploads\/2023\/10\/20230525_210521-300x225.jpg 300w, https:\/\/aj-print-cut.si\/wp-content\/uploads\/2023\/10\/20230525_210521-768x576.jpg 768w, https:\/\/aj-print-cut.si\/wp-content\/uploads\/2023\/10\/20230525_210521-1536x1152.jpg 1536w, https:\/\/aj-print-cut.si\/wp-content\/uploads\/2023\/10\/20230525_210521-2048x1536.jpg 2048w\" sizes=\"(max-width: 1024px) 100vw, 1024px\" \/>\t\t\t\t\t\t\t\t\t\t\t\t\t\t\t<\/div>\n\t\t\t\t<\/div>\n\t\t\t\t<div class=\"elementor-element elementor-element-f654869 elementor-widget elementor-widget-image\" data-id=\"f654869\" data-element_type=\"widget\" data-e-type=\"widget\" data-widget_type=\"image.default\">\n\t\t\t\t<div class=\"elementor-widget-container\">\n\t\t\t\t\t\t\t\t\t\t\t\t\t\t\t<img decoding=\"async\" width=\"1024\" height=\"768\" src=\"https:\/\/aj-print-cut.si\/wp-content\/uploads\/2023\/10\/20230525_210452-1024x768.jpg\" class=\"attachment-large size-large wp-image-1039\" alt=\"\" srcset=\"https:\/\/aj-print-cut.si\/wp-content\/uploads\/2023\/10\/20230525_210452-1024x768.jpg 1024w, https:\/\/aj-print-cut.si\/wp-content\/uploads\/2023\/10\/20230525_210452-300x225.jpg 300w, https:\/\/aj-print-cut.si\/wp-content\/uploads\/2023\/10\/20230525_210452-768x576.jpg 768w, https:\/\/aj-print-cut.si\/wp-content\/uploads\/2023\/10\/20230525_210452-1536x1152.jpg 1536w, https:\/\/aj-print-cut.si\/wp-content\/uploads\/2023\/10\/20230525_210452-2048x1536.jpg 2048w\" sizes=\"(max-width: 1024px) 100vw, 1024px\" \/>\t\t\t\t\t\t\t\t\t\t\t\t\t\t\t<\/div>\n\t\t\t\t<\/div>\n\t\t\t\t<div class=\"elementor-element elementor-element-73bd77b elementor-widget elementor-widget-image\" data-id=\"73bd77b\" data-element_type=\"widget\" data-e-type=\"widget\" data-widget_type=\"image.default\">\n\t\t\t\t<div class=\"elementor-widget-container\">\n\t\t\t\t\t\t\t\t\t\t\t\t\t\t\t<img decoding=\"async\" width=\"1024\" height=\"768\" src=\"https:\/\/aj-print-cut.si\/wp-content\/uploads\/2023\/10\/20230525_210532-1024x768.jpg\" class=\"attachment-large size-large wp-image-1040\" alt=\"\" srcset=\"https:\/\/aj-print-cut.si\/wp-content\/uploads\/2023\/10\/20230525_210532-1024x768.jpg 1024w, https:\/\/aj-print-cut.si\/wp-content\/uploads\/2023\/10\/20230525_210532-300x225.jpg 300w, https:\/\/aj-print-cut.si\/wp-content\/uploads\/2023\/10\/20230525_210532-768x576.jpg 768w, https:\/\/aj-print-cut.si\/wp-content\/uploads\/2023\/10\/20230525_210532-1536x1152.jpg 1536w, https:\/\/aj-print-cut.si\/wp-content\/uploads\/2023\/10\/20230525_210532-2048x1536.jpg 2048w\" sizes=\"(max-width: 1024px) 100vw, 1024px\" \/>\t\t\t\t\t\t\t\t\t\t\t\t\t\t\t<\/div>\n\t\t\t\t<\/div>\n\t\t\t\t\t<\/div>\n\t\t\t\t<\/div>\n\t\t\t\t<\/div>\n\t\t","protected":false},"excerpt":{"rendered":"<p>Reklamni pisalni blok z logotipom je eden od klasi\u010dnih na\u010dinov za promocijo podjetja. Za tisk na pisalne bloke ne potrebujete lastnega materiala, saj za vse poskrbimo mi. Na voljo imamo razli\u010dne dimenzije pisalnih blokov; od najmanj\u0161ih blokcev do blokov v formatu A4. Vsi pisalni bloki so lepljeni v glavi, na hrbtni strani pa so podlo\u017eeni [&hellip;]<\/p>\n","protected":false},"author":1,"featured_media":0,"parent":0,"menu_order":0,"comment_status":"closed","ping_status":"closed","template":"","meta":{"_themeisle_gutenberg_block_has_review":false,"footnotes":""},"class_list":["post-1038","page","type-page","status-publish","hentry"],"yoast_head":"<!-- This site is optimized with the Yoast SEO plugin v21.5 - https:\/\/yoast.com\/wordpress\/plugins\/seo\/ -->\n<title>Bloki - AJ Print&amp;Cut<\/title>\n<meta name=\"robots\" content=\"index, follow, max-snippet:-1, max-image-preview:large, max-video-preview:-1\" \/>\n<link rel=\"canonical\" href=\"https:\/\/aj-print-cut.si\/index.php\/bloki\/\" \/>\n<meta property=\"og:locale\" content=\"sl_SI\" \/>\n<meta property=\"og:type\" content=\"article\" \/>\n<meta property=\"og:title\" content=\"Bloki - AJ Print&amp;Cut\" \/>\n<meta property=\"og:description\" content=\"Reklamni pisalni blok z logotipom je eden od klasi\u010dnih na\u010dinov za promocijo podjetja. Za tisk na pisalne bloke ne potrebujete lastnega materiala, saj za vse poskrbimo mi. Na voljo imamo razli\u010dne dimenzije pisalnih blokov; od najmanj\u0161ih blokcev do blokov v formatu A4. Vsi pisalni bloki so lepljeni v glavi, na hrbtni strani pa so podlo\u017eeni [&hellip;]\" \/>\n<meta property=\"og:url\" content=\"https:\/\/aj-print-cut.si\/index.php\/bloki\/\" \/>\n<meta property=\"og:site_name\" content=\"AJ Print&amp;Cut\" \/>\n<meta property=\"article:modified_time\" content=\"2023-10-03T10:51:46+00:00\" \/>\n<meta property=\"og:image\" content=\"https:\/\/aj-print-cut.si\/wp-content\/uploads\/2023\/10\/20230525_210521-1024x768.jpg\" \/>\n<meta name=\"twitter:card\" content=\"summary_large_image\" \/>\n<meta name=\"twitter:label1\" content=\"Est. reading time\" \/>\n\t<meta name=\"twitter:data1\" content=\"2 minuti\" \/>\n<script type=\"application\/ld+json\" class=\"yoast-schema-graph\">{\"@context\":\"https:\/\/schema.org\",\"@graph\":[{\"@type\":\"WebPage\",\"@id\":\"https:\/\/aj-print-cut.si\/index.php\/bloki\/\",\"url\":\"https:\/\/aj-print-cut.si\/index.php\/bloki\/\",\"name\":\"Bloki - AJ Print&amp;Cut\",\"isPartOf\":{\"@id\":\"https:\/\/aj-print-cut.si\/#website\"},\"datePublished\":\"2023-10-03T10:49:34+00:00\",\"dateModified\":\"2023-10-03T10:51:46+00:00\",\"breadcrumb\":{\"@id\":\"https:\/\/aj-print-cut.si\/index.php\/bloki\/#breadcrumb\"},\"inLanguage\":\"sl-SI\",\"potentialAction\":[{\"@type\":\"ReadAction\",\"target\":[\"https:\/\/aj-print-cut.si\/index.php\/bloki\/\"]}]},{\"@type\":\"BreadcrumbList\",\"@id\":\"https:\/\/aj-print-cut.si\/index.php\/bloki\/#breadcrumb\",\"itemListElement\":[{\"@type\":\"ListItem\",\"position\":1,\"name\":\"Home\",\"item\":\"https:\/\/aj-print-cut.si\/\"},{\"@type\":\"ListItem\",\"position\":2,\"name\":\"Bloki\"}]},{\"@type\":\"WebSite\",\"@id\":\"https:\/\/aj-print-cut.si\/#website\",\"url\":\"https:\/\/aj-print-cut.si\/\",\"name\":\"AJ Print&amp;Cut\",\"description\":\"Tiskarske storitve\",\"potentialAction\":[{\"@type\":\"SearchAction\",\"target\":{\"@type\":\"EntryPoint\",\"urlTemplate\":\"https:\/\/aj-print-cut.si\/?s={search_term_string}\"},\"query-input\":\"required name=search_term_string\"}],\"inLanguage\":\"sl-SI\"}]}<\/script>\n<!-- \/ Yoast SEO plugin. -->","yoast_head_json":{"title":"Bloki - AJ Print&amp;Cut","robots":{"index":"index","follow":"follow","max-snippet":"max-snippet:-1","max-image-preview":"max-image-preview:large","max-video-preview":"max-video-preview:-1"},"canonical":"https:\/\/aj-print-cut.si\/index.php\/bloki\/","og_locale":"sl_SI","og_type":"article","og_title":"Bloki - AJ Print&amp;Cut","og_description":"Reklamni pisalni blok z logotipom je eden od klasi\u010dnih na\u010dinov za promocijo podjetja. Za tisk na pisalne bloke ne potrebujete lastnega materiala, saj za vse poskrbimo mi. Na voljo imamo razli\u010dne dimenzije pisalnih blokov; od najmanj\u0161ih blokcev do blokov v formatu A4. Vsi pisalni bloki so lepljeni v glavi, na hrbtni strani pa so podlo\u017eeni [&hellip;]","og_url":"https:\/\/aj-print-cut.si\/index.php\/bloki\/","og_site_name":"AJ Print&amp;Cut","article_modified_time":"2023-10-03T10:51:46+00:00","og_image":[{"url":"https:\/\/aj-print-cut.si\/wp-content\/uploads\/2023\/10\/20230525_210521-1024x768.jpg"}],"twitter_card":"summary_large_image","twitter_misc":{"Est. reading time":"2 minuti"},"schema":{"@context":"https:\/\/schema.org","@graph":[{"@type":"WebPage","@id":"https:\/\/aj-print-cut.si\/index.php\/bloki\/","url":"https:\/\/aj-print-cut.si\/index.php\/bloki\/","name":"Bloki - AJ Print&amp;Cut","isPartOf":{"@id":"https:\/\/aj-print-cut.si\/#website"},"datePublished":"2023-10-03T10:49:34+00:00","dateModified":"2023-10-03T10:51:46+00:00","breadcrumb":{"@id":"https:\/\/aj-print-cut.si\/index.php\/bloki\/#breadcrumb"},"inLanguage":"sl-SI","potentialAction":[{"@type":"ReadAction","target":["https:\/\/aj-print-cut.si\/index.php\/bloki\/"]}]},{"@type":"BreadcrumbList","@id":"https:\/\/aj-print-cut.si\/index.php\/bloki\/#breadcrumb","itemListElement":[{"@type":"ListItem","position":1,"name":"Home","item":"https:\/\/aj-print-cut.si\/"},{"@type":"ListItem","position":2,"name":"Bloki"}]},{"@type":"WebSite","@id":"https:\/\/aj-print-cut.si\/#website","url":"https:\/\/aj-print-cut.si\/","name":"AJ Print&amp;Cut","description":"Tiskarske storitve","potentialAction":[{"@type":"SearchAction","target":{"@type":"EntryPoint","urlTemplate":"https:\/\/aj-print-cut.si\/?s={search_term_string}"},"query-input":"required name=search_term_string"}],"inLanguage":"sl-SI"}]}},"_links":{"self":[{"href":"https:\/\/aj-print-cut.si\/index.php\/wp-json\/wp\/v2\/pages\/1038","targetHints":{"allow":["GET"]}}],"collection":[{"href":"https:\/\/aj-print-cut.si\/index.php\/wp-json\/wp\/v2\/pages"}],"about":[{"href":"https:\/\/aj-print-cut.si\/index.php\/wp-json\/wp\/v2\/types\/page"}],"author":[{"embeddable":true,"href":"https:\/\/aj-print-cut.si\/index.php\/wp-json\/wp\/v2\/users\/1"}],"replies":[{"embeddable":true,"href":"https:\/\/aj-print-cut.si\/index.php\/wp-json\/wp\/v2\/comments?post=1038"}],"version-history":[{"count":3,"href":"https:\/\/aj-print-cut.si\/index.php\/wp-json\/wp\/v2\/pages\/1038\/revisions"}],"predecessor-version":[{"id":1043,"href":"https:\/\/aj-print-cut.si\/index.php\/wp-json\/wp\/v2\/pages\/1038\/revisions\/1043"}],"wp:attachment":[{"href":"https:\/\/aj-print-cut.si\/index.php\/wp-json\/wp\/v2\/media?parent=1038"}],"curies":[{"name":"wp","href":"https:\/\/api.w.org\/{rel}","templated":true}]}}