{"id":1153,"date":"2024-06-27T11:55:55","date_gmt":"2024-06-27T11:55:55","guid":{"rendered":"https:\/\/aj-print-cut.si\/?page_id=1153"},"modified":"2024-06-28T10:19:31","modified_gmt":"2024-06-28T10:19:31","slug":"lasersko-graviranje","status":"publish","type":"page","link":"https:\/\/aj-print-cut.si\/index.php\/lasersko-graviranje\/","title":{"rendered":"Lasersko graviranje"},"content":{"rendered":"\t\t<div data-elementor-type=\"wp-page\" data-elementor-id=\"1153\" class=\"elementor elementor-1153\">\n\t\t\t\t<div class=\"elementor-element elementor-element-ed47a44 e-flex e-con-boxed e-con e-parent\" data-id=\"ed47a44\" data-element_type=\"container\" data-e-type=\"container\">\n\t\t\t\t\t<div class=\"e-con-inner\">\n\t\t\t\t<div class=\"elementor-element elementor-element-b46daa1 elementor-widget elementor-widget-text-editor\" data-id=\"b46daa1\" data-element_type=\"widget\" data-e-type=\"widget\" data-widget_type=\"text-editor.default\">\n\t\t\t\t<div class=\"elementor-widget-container\">\n\t\t\t\t\t\t\t\t\t<p style=\"text-align: center;\"><span style=\"color: #003366;\"><strong>Pri tej tehniki se uporablja laser, ki povr\u0161ino izdelka prakti\u010dno iz\u017ege in tako ustvari logotip. Celo majhni dotiski so s to tehniko lahko odtisnjeni zelo natan\u010dno. <\/strong><strong>Brezkompromisna natan\u010dnost, ki je potrebna pri laserskem graviranju, pogosto predstavlja velik izziv, saj na povr\u0161ino izdelka prena\u0161amo vse drobne detajle in nianse izvornega motiva.\u00a0 Najve\u010dja prednost, ki jo lasersko graviranje ponuja je, da ne deformira ali druga\u010de po\u0161koduje materiala.<\/strong><\/span><\/p><p style=\"text-align: center;\"><span style=\"color: #003366;\"><strong>Vsakemu opravilu se posvetimo s popolno natan\u010dnostjo.<\/strong><\/span><\/p><p style=\"text-align: center;\"><span style=\"color: #003366;\"><strong><span style=\"font-family: var( --e-global-typography-text-font-family ), Sans-serif; text-align: var(--text-align); background-color: var(--wp--preset--color--white);\">Graviranje uporabljamo za izdelke iz lesa, pleksi stekla, kamna, usnja, kovine in izdelava \u017eigov, ter \u0161tampiljk.<\/span><\/strong><\/span><\/p><p style=\"text-align: center;\"><span style=\"color: #003366;\"><strong>Maximalna povr\u0161ina za graviranje je 300 x 200 mm.<\/strong><\/span><\/p>\t\t\t\t\t\t\t\t<\/div>\n\t\t\t\t<\/div>\n\t\t\t\t\t<\/div>\n\t\t\t\t<\/div>\n\t\t<div class=\"elementor-element elementor-element-2336109 e-grid e-con-boxed e-con e-parent\" data-id=\"2336109\" data-element_type=\"container\" data-e-type=\"container\">\n\t\t\t\t\t<div class=\"e-con-inner\">\n\t\t\t\t<div class=\"elementor-element elementor-element-1b50980 elementor-widget elementor-widget-image\" data-id=\"1b50980\" data-element_type=\"widget\" data-e-type=\"widget\" data-widget_type=\"image.default\">\n\t\t\t\t<div class=\"elementor-widget-container\">\n\t\t\t\t\t\t\t\t\t\t\t\t\t\t\t<img fetchpriority=\"high\" decoding=\"async\" width=\"1024\" height=\"682\" src=\"https:\/\/aj-print-cut.si\/wp-content\/uploads\/2024\/06\/LESENI-IZDELKI-1-1024x682.png\" class=\"attachment-large size-large wp-image-1208\" alt=\"\" srcset=\"https:\/\/aj-print-cut.si\/wp-content\/uploads\/2024\/06\/LESENI-IZDELKI-1-1024x682.png 1024w, https:\/\/aj-print-cut.si\/wp-content\/uploads\/2024\/06\/LESENI-IZDELKI-1-300x200.png 300w, https:\/\/aj-print-cut.si\/wp-content\/uploads\/2024\/06\/LESENI-IZDELKI-1-768x512.png 768w, https:\/\/aj-print-cut.si\/wp-content\/uploads\/2024\/06\/LESENI-IZDELKI-1-1536x1024.png 1536w, https:\/\/aj-print-cut.si\/wp-content\/uploads\/2024\/06\/LESENI-IZDELKI-1.png 1772w\" sizes=\"(max-width: 1024px) 100vw, 1024px\" \/>\t\t\t\t\t\t\t\t\t\t\t\t\t\t\t<\/div>\n\t\t\t\t<\/div>\n\t\t\t\t<div class=\"elementor-element elementor-element-1dd8b55 elementor-widget elementor-widget-image\" data-id=\"1dd8b55\" data-element_type=\"widget\" data-e-type=\"widget\" data-widget_type=\"image.default\">\n\t\t\t\t<div class=\"elementor-widget-container\">\n\t\t\t\t\t\t\t\t\t\t\t\t\t\t\t<img decoding=\"async\" width=\"1024\" height=\"683\" src=\"https:\/\/aj-print-cut.si\/wp-content\/uploads\/2024\/06\/IZDELKI-IZ-KAMNA-1024x683.png\" class=\"attachment-large size-large wp-image-1207\" alt=\"\" srcset=\"https:\/\/aj-print-cut.si\/wp-content\/uploads\/2024\/06\/IZDELKI-IZ-KAMNA-1024x683.png 1024w, https:\/\/aj-print-cut.si\/wp-content\/uploads\/2024\/06\/IZDELKI-IZ-KAMNA-300x200.png 300w, https:\/\/aj-print-cut.si\/wp-content\/uploads\/2024\/06\/IZDELKI-IZ-KAMNA-768x512.png 768w, https:\/\/aj-print-cut.si\/wp-content\/uploads\/2024\/06\/IZDELKI-IZ-KAMNA-1536x1025.png 1536w, https:\/\/aj-print-cut.si\/wp-content\/uploads\/2024\/06\/IZDELKI-IZ-KAMNA.png 1772w\" sizes=\"(max-width: 1024px) 100vw, 1024px\" \/>\t\t\t\t\t\t\t\t\t\t\t\t\t\t\t<\/div>\n\t\t\t\t<\/div>\n\t\t\t\t<div class=\"elementor-element elementor-element-133eee4 elementor-widget elementor-widget-image\" data-id=\"133eee4\" data-element_type=\"widget\" data-e-type=\"widget\" data-widget_type=\"image.default\">\n\t\t\t\t<div class=\"elementor-widget-container\">\n\t\t\t\t\t\t\t\t\t\t\t\t\t\t\t<img decoding=\"async\" width=\"1024\" height=\"688\" src=\"https:\/\/aj-print-cut.si\/wp-content\/uploads\/2024\/06\/STAMPILJKE-IN-ZIGI-1024x688.png\" class=\"attachment-large size-large wp-image-1206\" alt=\"\" srcset=\"https:\/\/aj-print-cut.si\/wp-content\/uploads\/2024\/06\/STAMPILJKE-IN-ZIGI-1024x688.png 1024w, https:\/\/aj-print-cut.si\/wp-content\/uploads\/2024\/06\/STAMPILJKE-IN-ZIGI-300x202.png 300w, https:\/\/aj-print-cut.si\/wp-content\/uploads\/2024\/06\/STAMPILJKE-IN-ZIGI-768x516.png 768w, https:\/\/aj-print-cut.si\/wp-content\/uploads\/2024\/06\/STAMPILJKE-IN-ZIGI-1536x1032.png 1536w, https:\/\/aj-print-cut.si\/wp-content\/uploads\/2024\/06\/STAMPILJKE-IN-ZIGI.png 1773w\" sizes=\"(max-width: 1024px) 100vw, 1024px\" \/>\t\t\t\t\t\t\t\t\t\t\t\t\t\t\t<\/div>\n\t\t\t\t<\/div>\n\t\t\t\t\t<\/div>\n\t\t\t\t<\/div>\n\t\t<div class=\"elementor-element elementor-element-ce36bba e-grid e-con-boxed e-con e-parent\" data-id=\"ce36bba\" data-element_type=\"container\" data-e-type=\"container\">\n\t\t\t\t\t<div class=\"e-con-inner\">\n\t\t\t\t<div class=\"elementor-element elementor-element-7b428be elementor-widget elementor-widget-image\" data-id=\"7b428be\" data-element_type=\"widget\" data-e-type=\"widget\" data-widget_type=\"image.default\">\n\t\t\t\t<div class=\"elementor-widget-container\">\n\t\t\t\t\t\t\t\t\t\t\t\t\t\t\t<img loading=\"lazy\" decoding=\"async\" width=\"1024\" height=\"683\" src=\"https:\/\/aj-print-cut.si\/wp-content\/uploads\/2024\/06\/3D-LUC-PLEKSI-1024x683.png\" class=\"attachment-large size-large wp-image-1204\" alt=\"\" srcset=\"https:\/\/aj-print-cut.si\/wp-content\/uploads\/2024\/06\/3D-LUC-PLEKSI-1024x683.png 1024w, https:\/\/aj-print-cut.si\/wp-content\/uploads\/2024\/06\/3D-LUC-PLEKSI-300x200.png 300w, https:\/\/aj-print-cut.si\/wp-content\/uploads\/2024\/06\/3D-LUC-PLEKSI-768x512.png 768w, https:\/\/aj-print-cut.si\/wp-content\/uploads\/2024\/06\/3D-LUC-PLEKSI-1536x1025.png 1536w, https:\/\/aj-print-cut.si\/wp-content\/uploads\/2024\/06\/3D-LUC-PLEKSI.png 1772w\" sizes=\"(max-width: 1024px) 100vw, 1024px\" \/>\t\t\t\t\t\t\t\t\t\t\t\t\t\t\t<\/div>\n\t\t\t\t<\/div>\n\t\t\t\t\t<\/div>\n\t\t\t\t<\/div>\n\t\t\t\t<\/div>\n\t\t","protected":false},"excerpt":{"rendered":"<p>Pri tej tehniki se uporablja laser, ki povr\u0161ino izdelka prakti\u010dno iz\u017ege in tako ustvari logotip. Celo majhni dotiski so s to tehniko lahko odtisnjeni zelo natan\u010dno. Brezkompromisna natan\u010dnost, ki je potrebna pri laserskem graviranju, pogosto predstavlja velik izziv, saj na povr\u0161ino izdelka prena\u0161amo vse drobne detajle in nianse izvornega motiva.\u00a0 Najve\u010dja prednost, ki jo lasersko [&hellip;]<\/p>\n","protected":false},"author":1,"featured_media":0,"parent":0,"menu_order":0,"comment_status":"closed","ping_status":"closed","template":"","meta":{"_themeisle_gutenberg_block_has_review":false,"footnotes":""},"class_list":["post-1153","page","type-page","status-publish","hentry"],"yoast_head":"<!-- This site is optimized with the Yoast SEO plugin v21.5 - https:\/\/yoast.com\/wordpress\/plugins\/seo\/ -->\n<title>Lasersko graviranje - AJ Print&amp;Cut<\/title>\n<meta name=\"robots\" content=\"index, follow, max-snippet:-1, max-image-preview:large, max-video-preview:-1\" \/>\n<link rel=\"canonical\" href=\"https:\/\/aj-print-cut.si\/index.php\/lasersko-graviranje\/\" \/>\n<meta property=\"og:locale\" content=\"sl_SI\" \/>\n<meta property=\"og:type\" content=\"article\" \/>\n<meta property=\"og:title\" content=\"Lasersko graviranje - AJ Print&amp;Cut\" \/>\n<meta property=\"og:description\" content=\"Pri tej tehniki se uporablja laser, ki povr\u0161ino izdelka prakti\u010dno iz\u017ege in tako ustvari logotip. Celo majhni dotiski so s to tehniko lahko odtisnjeni zelo natan\u010dno. Brezkompromisna natan\u010dnost, ki je potrebna pri laserskem graviranju, pogosto predstavlja velik izziv, saj na povr\u0161ino izdelka prena\u0161amo vse drobne detajle in nianse izvornega motiva.\u00a0 Najve\u010dja prednost, ki jo lasersko [&hellip;]\" \/>\n<meta property=\"og:url\" content=\"https:\/\/aj-print-cut.si\/index.php\/lasersko-graviranje\/\" \/>\n<meta property=\"og:site_name\" content=\"AJ Print&amp;Cut\" \/>\n<meta property=\"article:modified_time\" content=\"2024-06-28T10:19:31+00:00\" \/>\n<meta property=\"og:image\" content=\"https:\/\/aj-print-cut.si\/wp-content\/uploads\/2024\/06\/LESENI-IZDELKI-1-1024x682.png\" \/>\n<meta name=\"twitter:card\" content=\"summary_large_image\" \/>\n<meta name=\"twitter:label1\" content=\"Est. reading time\" \/>\n\t<meta name=\"twitter:data1\" content=\"5 minut\" \/>\n<script type=\"application\/ld+json\" class=\"yoast-schema-graph\">{\"@context\":\"https:\/\/schema.org\",\"@graph\":[{\"@type\":\"WebPage\",\"@id\":\"https:\/\/aj-print-cut.si\/index.php\/lasersko-graviranje\/\",\"url\":\"https:\/\/aj-print-cut.si\/index.php\/lasersko-graviranje\/\",\"name\":\"Lasersko graviranje - AJ Print&amp;Cut\",\"isPartOf\":{\"@id\":\"https:\/\/aj-print-cut.si\/#website\"},\"datePublished\":\"2024-06-27T11:55:55+00:00\",\"dateModified\":\"2024-06-28T10:19:31+00:00\",\"breadcrumb\":{\"@id\":\"https:\/\/aj-print-cut.si\/index.php\/lasersko-graviranje\/#breadcrumb\"},\"inLanguage\":\"sl-SI\",\"potentialAction\":[{\"@type\":\"ReadAction\",\"target\":[\"https:\/\/aj-print-cut.si\/index.php\/lasersko-graviranje\/\"]}]},{\"@type\":\"BreadcrumbList\",\"@id\":\"https:\/\/aj-print-cut.si\/index.php\/lasersko-graviranje\/#breadcrumb\",\"itemListElement\":[{\"@type\":\"ListItem\",\"position\":1,\"name\":\"Home\",\"item\":\"https:\/\/aj-print-cut.si\/\"},{\"@type\":\"ListItem\",\"position\":2,\"name\":\"Lasersko graviranje\"}]},{\"@type\":\"WebSite\",\"@id\":\"https:\/\/aj-print-cut.si\/#website\",\"url\":\"https:\/\/aj-print-cut.si\/\",\"name\":\"AJ Print&amp;Cut\",\"description\":\"Tiskarske storitve\",\"potentialAction\":[{\"@type\":\"SearchAction\",\"target\":{\"@type\":\"EntryPoint\",\"urlTemplate\":\"https:\/\/aj-print-cut.si\/?s={search_term_string}\"},\"query-input\":\"required name=search_term_string\"}],\"inLanguage\":\"sl-SI\"}]}<\/script>\n<!-- \/ Yoast SEO plugin. -->","yoast_head_json":{"title":"Lasersko graviranje - AJ Print&amp;Cut","robots":{"index":"index","follow":"follow","max-snippet":"max-snippet:-1","max-image-preview":"max-image-preview:large","max-video-preview":"max-video-preview:-1"},"canonical":"https:\/\/aj-print-cut.si\/index.php\/lasersko-graviranje\/","og_locale":"sl_SI","og_type":"article","og_title":"Lasersko graviranje - AJ Print&amp;Cut","og_description":"Pri tej tehniki se uporablja laser, ki povr\u0161ino izdelka prakti\u010dno iz\u017ege in tako ustvari logotip. Celo majhni dotiski so s to tehniko lahko odtisnjeni zelo natan\u010dno. Brezkompromisna natan\u010dnost, ki je potrebna pri laserskem graviranju, pogosto predstavlja velik izziv, saj na povr\u0161ino izdelka prena\u0161amo vse drobne detajle in nianse izvornega motiva.\u00a0 Najve\u010dja prednost, ki jo lasersko [&hellip;]","og_url":"https:\/\/aj-print-cut.si\/index.php\/lasersko-graviranje\/","og_site_name":"AJ Print&amp;Cut","article_modified_time":"2024-06-28T10:19:31+00:00","og_image":[{"url":"https:\/\/aj-print-cut.si\/wp-content\/uploads\/2024\/06\/LESENI-IZDELKI-1-1024x682.png"}],"twitter_card":"summary_large_image","twitter_misc":{"Est. reading time":"5 minut"},"schema":{"@context":"https:\/\/schema.org","@graph":[{"@type":"WebPage","@id":"https:\/\/aj-print-cut.si\/index.php\/lasersko-graviranje\/","url":"https:\/\/aj-print-cut.si\/index.php\/lasersko-graviranje\/","name":"Lasersko graviranje - AJ Print&amp;Cut","isPartOf":{"@id":"https:\/\/aj-print-cut.si\/#website"},"datePublished":"2024-06-27T11:55:55+00:00","dateModified":"2024-06-28T10:19:31+00:00","breadcrumb":{"@id":"https:\/\/aj-print-cut.si\/index.php\/lasersko-graviranje\/#breadcrumb"},"inLanguage":"sl-SI","potentialAction":[{"@type":"ReadAction","target":["https:\/\/aj-print-cut.si\/index.php\/lasersko-graviranje\/"]}]},{"@type":"BreadcrumbList","@id":"https:\/\/aj-print-cut.si\/index.php\/lasersko-graviranje\/#breadcrumb","itemListElement":[{"@type":"ListItem","position":1,"name":"Home","item":"https:\/\/aj-print-cut.si\/"},{"@type":"ListItem","position":2,"name":"Lasersko graviranje"}]},{"@type":"WebSite","@id":"https:\/\/aj-print-cut.si\/#website","url":"https:\/\/aj-print-cut.si\/","name":"AJ Print&amp;Cut","description":"Tiskarske storitve","potentialAction":[{"@type":"SearchAction","target":{"@type":"EntryPoint","urlTemplate":"https:\/\/aj-print-cut.si\/?s={search_term_string}"},"query-input":"required name=search_term_string"}],"inLanguage":"sl-SI"}]}},"_links":{"self":[{"href":"https:\/\/aj-print-cut.si\/index.php\/wp-json\/wp\/v2\/pages\/1153","targetHints":{"allow":["GET"]}}],"collection":[{"href":"https:\/\/aj-print-cut.si\/index.php\/wp-json\/wp\/v2\/pages"}],"about":[{"href":"https:\/\/aj-print-cut.si\/index.php\/wp-json\/wp\/v2\/types\/page"}],"author":[{"embeddable":true,"href":"https:\/\/aj-print-cut.si\/index.php\/wp-json\/wp\/v2\/users\/1"}],"replies":[{"embeddable":true,"href":"https:\/\/aj-print-cut.si\/index.php\/wp-json\/wp\/v2\/comments?post=1153"}],"version-history":[{"count":15,"href":"https:\/\/aj-print-cut.si\/index.php\/wp-json\/wp\/v2\/pages\/1153\/revisions"}],"predecessor-version":[{"id":1219,"href":"https:\/\/aj-print-cut.si\/index.php\/wp-json\/wp\/v2\/pages\/1153\/revisions\/1219"}],"wp:attachment":[{"href":"https:\/\/aj-print-cut.si\/index.php\/wp-json\/wp\/v2\/media?parent=1153"}],"curies":[{"name":"wp","href":"https:\/\/api.w.org\/{rel}","templated":true}]}}